.
-1
(-6 - 1) + 3 + 0
-4
121 - 110 - (9 - (1 - -1))
4
What is -5 + (-4 - -3 - (-1 + -4))?
-1
-2 - (5 + -9) - 7
-5
Calculate -4 - (1 + 2 + -7).
0
What is the value of (-3 - (-4 + 2)) + (48 - 52)?
-5
Evaluate 4 - 3 - (-3 + 0 + 1).
3
What is (-3 + 5 - 5) + 5?
2
9 - -3 - (6 + 3)
3
What is 71 + -78 + (0 - -6)?
-1
Calculate -4 + 0 + -1 - -11.
6
Evaluate (2 - 6) + (8 - 2).
2
Evaluate 6 + -10 - -1 - 2.
-5
What is the value of -3 + (-2 - -4) - 0 - 5?
-6
What is 1 - ((-10 - -3) + 14)?
-6
5 - 0 - (6 + -6)
5
(-1 - -2) + (2 - (6 + -1))
-2
Calculate 3 - (-4 + 0 + (-5 - -13)).
-1
Calculate -3 - (-2 + 3 - (0 + 6)).
2
Calculate -1 + -1 + 6 - 10 - -3.
-3
What is the value of -5 - (-4 + (3 - (0 + 0)))?
-4
Calculate -1 + (-4 - 6 - -9).
-2
1 - (2 + -3 + -2 + 4)
0
Evaluate 1 - (3 + (-3 - (3 + -1))).
3
What is -3 + -7 + 1 + 5?
-4
What is the value of (-1 + -1 - -2) + 3?
3
What is -4 + 10 + 1 + -3?
4
(59 - 63 - (1 - 0)) + -1
-6
Evaluate -1 - (-5 + 4 + 8).
-8
What is (1 - 1) + (-1 - 4) + 1?
-4
Calculate 1 - (0 + -1 + 2 + -1).
1
What is the value of -5 + (1 - 1 - 0) + 4?
-1
What is -3 - -2 - (-3 - 6) - 12?
-4
Evaluate -3 - -1 - (-23 - -24).
-3
What is the value of -1 - -6 - 5 - 5?
-5
Calculate (2 - 4) + (-70 - -78).
6
-4 - (-2 - -2) - -9
5
Calculate 6 + 0 + 5 + -14.
-3
What is the value of 9 + 4 - (-28 - -42)?
-1
Calculate 8 - (-3 + (-1 - -5)).
7
Evaluate (-1 - -6) + -101 + 103.
7
-101 + 105 + -3 + (0 - 0)
1
What is the value of 1 - 0 - ((-1 - -1) + 0)?
1
What is 0 - -1 - (-66 - -56)?
11
2 - (1 + -1 + 1 + 3)
-2
What is the value of 2 + (-7 - 0 - -4)?
-1
What is the value of 3 + 11 + -20 + (1 - 1)?
-6
5 + (-9 - (-8 + 1 + 2))
1
What is 13 - (15 + -8 - -1)?
5
9 + 1 + (-3 - (6 - 3))
4
Calculate -11 - ((7 - 10) + -4).
-4
(3 - 5) + -7 + (2 - -2)
-5
Calculate 5 + (5 + -4 - 2).
4
Calculate 5 - 1 - 8 - (2 - 2).
-4
7 + (-7 + 0 - 3)
-3
2 + (1 + -1 - (9 + -6))
-1
Calculate 6 - 7 - 4 - -8.
3
What is 1 - ((-8 - -2) + 2)?
5
Calculate -2 + (1 - 5) - -2.
-4
What is (0 - (5 + 0)) + 0 + 7?
2
Calculate (0 - (6 + -6)) + 1.
1
-7 + 1 + 6 - (0 + -3)
3
(3 - 6) + 5 + -2 + -1
-1
Evaluate (-1 - 7) + (-1 - -3) + 3.
-3
What is the value of 10 - (1 - (-9 - -5))?
5
What is the value of -16 + 16 + 3 + 1 + -1?
3
What is -3 - (-6 + -2) - 7?
-2
Evaluate 10 + (3 - (-4 + 12)).
5
Evaluate -11 + 8 + -5 + -1 + 17.
8
Calculate 2 + 2 + (-2 - 3).
-1
What is the value of -4 - (15 - 7 - 5)?
-7
What is 4 + 5 + -5 + -2 + 0?
2
What is 22 - 26 - (-6 + 1)?
1
-4 + (9 - (4 + 1 - 3))
3
What is 1 + 3 + -14 + 12?
2
Calculate 2 - (-6 + (1 - -14)).
-7
What is (23 - 12) + -6 - (2 + -4)?
7
-7 + 2 + 2 + (3 - 2)
-2
What is the value of 6 - 0 - (8 - 6)?
4
4 - (-1 - 2 - -7)
0
What is the value of 3 + 0 + 0 + 1 + 2?
6
Calculate -8 - 1 - (-93 + 84).
0
Evaluate 51 - 60 - (0 + 0 - 0).
-9
What is 0 + (-2 - (4 + -7) - -1)?
2
Evaluate 2 + 4 + (1 - 5).
2
Calculate -6 + -6 + 18 - -3.
9
What is the value of -9 + 3 - (15 + -16)?
-5
What is the value of 1 - (16 - (22 + -11))?
-4
What is the value of 3 + -9 + (-4 - -6)?
-4
Evaluate -2 - (0 + -8 + (29 - 23)).
0
8 - 9 - (-2 + 4)
-3
What is the value of -2 - 2 - -6 - (-26 - -31)?
-3
Evaluate 0 - (-1 + (4 - 8)).
5
Evaluate -7 + (-3 - -2) - (-20 + 6).
6
What is the value of (-28 + 31 - (-1 - 1)) + -10?
-5
Calculate 2 - -12 - 1 - 6.
7
What is the value of 5 + -7 + 2 + 2?
2
Calculate -1 - (-8 - -4) - 6.
-3
3 - (-3 + (-6 - (-1 + -6)))
5
Evaluate 0 + ((-3 - -13) + -3 - -1).
8
Calculate -2 + 1 - (9 - 7).
-3
Calculate 0 + -7 - (-1 + (2 - 6)).
-2
Evaluate -4 + -2 + (3 - 0) + 4.
1
Evaluate 1 + (4 - (5 + -1 + 3)).
-2
Calculate -1 + 9 + (5 - 8) + -2.
3
Evaluate 13 + 1 + -30 + 19.
3
(-6 - -10 - -2) + 0
6
Calculate 2 - (7 + 0 - 1).
-4
What is (8 - 4) + -5 + 6 - 2?
3
Calculate 6 + 0 + (-6 - 2).
-2
Calculate 2 + (-4 - -1) + 3.
2
What is the value of (-4 - -1) + 1 + 33 + -35?
-4
Calculate (2 - (2 - -2 - 1)) + -2.
-3
What is the value of -16 + 7 - (3 - (9 + -4))?
-7
Calculate (1 - -4) + (0 - -1) + -3.
3
Calculate -1 + 1 - 0 - 1.
-1
What is the value of 2 - (1 + 5 - 1)?
-3
Calculate 1 + -7 + 6 - (-2 - -2).
0
Calculate -3 + 10 + -10 + -2.
-5
What is -5 - (-4 + 5 + -6)?
0
Calculate (8 - 4 - 6) + 0 + 10.
8
Evaluate 4 - (7 + -3 + 4).
-4
What is -6 + 2 - (11 - 12)?
-3
7 - (-5 + 16) - -8
4
-3 + 4 + 0 + 1
2
7 - (-4 - ((-11 - 0) + 4))
4
What is -5 + 8 + -6 + 12 + -6?
3
Evaluate 7 + (7 - 4 - 8).
2
Calculate -3 + (6 - 3) + -1 + -2.
-3
Evaluate -3 - (-8 + 1 + 9).
-5
-9 - (-4 - 2) - (1 - 2)
-2
1 + 2 - (-19 + 26)
-4
Evaluate 86 + -100 - (-1 - 5).
-8
Evaluate -2 + -2 + 1 + -1.
-4
Evaluate -2 - 9 - -3 - (2 + -10).
0
Calculate (-29 - -26) + (2 - 2).
-3
What is (-4 - (11 + -9)) + 6?
0
Evaluate 1 + -6 + 26 + -26.
-5
Calculate 24 + -17 - (6 + -8).
9
What is 1 + (-4 - -3) + 3 - -3?
6
Evaluate -2 - (-3 - -3) - (2 + 0).
-4
What is 3 - (-2 + 4 + 1 - 0)?
0
Calculate 13 + -5 - 5 - (4 + -1).
0
Calculate (4 + -14 + 5 - 0) + 2.
-3
What is 1 + (2 - 3) + 1?
1
What is the value of -3 - (2 + -2) - (14 - 17)?
0
-3 + 1 - (0 - 8)
6
What is the value of 3 + 1 - -2 - 4?
2
-4 + 1 - (-9 - -8 - 5)
3
Evaluate 5 + (-3 - (7 + -4)).
-1
Evaluate 5 + (-5 - (-5 + 6)).
-1
-37 - -46 - (2 - 1)
8
What is the value of 1 + (0 - 8 - (-92 + 90))?
-5
-4 - (-7 - 3) - (-1 + 1)
6
10 + -4 - 2 - 8 - -4
0
What is -2 + 22 + -10 - (7 - -1)?
2
What is the value of (67 - 55) + (-5 - 0)?
7
-9 - ((7 - 4) + -7 - 2)
-3
-8 - (-1 + 5 - (-2 + 5))
-9
3 + 3 + -5 + -7
-6
Calculate 0 + (0 - 2 - -2).
0
Evaluate 0 + 1 + 1 + (56 - 55).
3
Calculate -25 + 14 + -3 - -11.
-3
1 + -4 + (45 - 39)
3
Calculate -4 + 1 + 3 + 0.
0
6 - 2 - (2 + 6 - 6)
2
(-8 - (-4 + 1)) + 3 + 1
-1
Evaluate -5 + 2 - (-5 - -7).
-5
Evaluate -2 + 0 + -1 + 1.
-2
What is (1 - (-9 - -16)) + 2 + 0?
-4
What is the value of 9 - (-1 + -4 + 7 - -4)?
3
Calculate 5 - (3 + -2 - -4).
0
What is the value of 3 + (-20 - -8) + 1 + 0?
-8
What is 15 + -21 + (2 - -2)?
-2
Calculate (3 - -2) + -4 - 0.
1
Calculate 2 - (2 + (-1 - (-2 - -2))).
1
Calculate 1 + -4 + 7 + -2 - 7.
-5
-1 - (-2 - (-1 - 6 - -6))
0
Evaluate -7 + 1 - (-28 + 23).
-1
-38 + 38 + (-2 - (2 - 0))
-4
What is the value of (-7 - (3 + -12)) + -2?
0
What is the value of -4 - (-3 + (8 - 10))?
1
What is 1 - (7 - (-5 + 8 + -3))?
-6
Evaluate -3 + -2 + (9 - (7 - -3)).
-6
Evaluate 10 + -11 + 4 + -8.
-5
Calculate 2 - 2 - (12 + -3 + -4).
-5
What is the value of (-4 - -3) + 2 + -11 + 10?
0
What is the value of -3 + 1 + -1 + 8?
5
0 - 2 - (-7 + 1)
4
What is the value of 0 + (-3 + 5 - (1 - 0))?
1
What is the value of 6 - (7 + (-4 - (2 - 1)))?
4
Evaluate 3 + -8 + 12 + (-2 - 0).
5
Evaluate 5 - (1 + -1 + 8 + -5).
2
What is 2 - (4 + -1 - (32 - 30))?
1
What is the value of -1 + (-11 - -18) - (8 + 0)?
-2
What is (4 - (12 - 1)) + 15?
8
What is the value of -9 + 0 + 13 + -9?
-5
Evaluate -7 - (-9 + -3 + 4 + -8).
9
What is 3 + (-4 - -3) + -1 + 3?
4
What is the value of 19 - 9 - 9 - -1?
2
What is 0 + -2 + -2 + (-3 - -6)?
-1
Calculate 0 + -13 + 1 + 2.
-10
Calculate 2 + -2 + -1 - 5.
-6
What is 4 - -2 - 17 - -6 - -2?
-3
3 + -3 + (-1 - -1) + -5
-5
12 + -9 - (9 + 1)
-7
10 + -4 + -3 + -1
2
(19 - 11) + -12 - (0 + 5)
-9
Calculate -4 - -3 - -7 - (2 + 2).
2
What is -8 + (7 - 0) + -2?
-3
Calculate (6 - 7) + -5 - (-2 - 1).
-3
-1 + 1 + -7 + 28 + -27
-6
What is 8 + 1 + (-55 - -48)?
2
What is -12 + (2 - -1 - (7 - 8))?
-8
7 + -1 - (4 + -3 + 11)
-6
What is the value of 2 - (-3 + (4 - 2)) - 9?
-6
-6 + (8 - -2) + -5 + 2
1
Calculate 0 + 0 + 24 + -25.
-1
2 - 4 - (8 + -6) - 6
-10
-4 - (-2 - (-3 + 1 + -1))
-5
-5 + 0 + -6 + 5
-6
Evaluate (4 - (2 - 3)) + 101 + -99.
7
-8 + (2 - 0) - -4 - 3
-5
What is the value of (0 + -1 - (-10 - -4)) + -5?
0
Calculate (-8 - -3) + 12 - 7.
0
What is -1 + (1 - -3) + -2?
1
Calculate -18 + 9 - (-4 + -3 + 6).
-8
4 + (-11 - (-2 + -3 - -5))
-7
What is the value of 1 - 0 - (-8 + 5)?
4
0 + (3 - (-3 + 3)) + -6
-3
What is 1 + -4 + 15 + -6?
6
0 - (-6 + -1) - (71 - 67)
3
What is the value of 6 + -8 + 6 + -2?
2
0 - (7 + -7 - (3 - 1))
2
14 + -17 - (1 + 0 + 0)
-4
Evaluate 26 - 35 - (0 - 4).
-5
Calculate -7 - (2 + -4 + -3 + -11).
9
Evaluate (0 + (1 - -4) - -1) + -3.
3
What is -3 + -13 + -13 + 29?
0
What is -2 + -3 + (-19 - -19)?
-5
What is the value of (-5 - -7 - 1) + -7 - -5?
-1
Calculate 4 + 3 + (7 - 17) - -10.
7
-6 + 1 - (1 + -3)
-3
What is 5 + (-3 - (3 - -3))?
-4
What is -23 + (-1 - -4) - -9?
-11
What is the val